d = -22 + 108. What are the prime factors of d + -2 + 5 + -1?
2, 11
Suppose 2*w = -1555 - 1369. What are the prime factors of ((1*-2)/2)/(17/w)?
2, 43
Suppose 39 - 29 = -5*z. List the prime factors of 66/18 - -6 - z/(-3).
3
Suppose -3 = -3*x + 3. Suppose -2489*r + 10 = -2479*r. Suppose k = x + r. List the prime factors of k.
3
Suppose 1226*p = 1236*p - 54820. List the prime factors of p.
2, 2741
Suppose -2*k = 4*r - 50, 2*r + 3*k - 45 = 6*k. What are the prime factors of (-9)/(-6)*730/r?
73
Let d(z) = -z**3 + 23*z**2 - 11*z + 19. What are the prime factors of d(22)?
3, 29
Let y be ((-788)/5)/((-1)/(7 + -2)). Suppose -288 = 4*f - y. What are the prime factors of f?
5
Suppose 65 = 4*b + 3*m, 2*b + 2*m - 25 = -m. Let r be -19 + (-2 - -5) - (3 - 8). Let a = r + b. What are the prime factors of a?
3
Let y(r) = -10*r - 2. Let d be y(-1). Let w = -7 - -3. What are the prime factors of (d/10)/(w/(-130))?
2, 13
What are the prime factors of 10 + (-22664)/(-72) - 2/(-9)?
5, 13
Let i = 392 + -205. What are the prime factors of i?
11, 17
Let s(x) = 18*x**2 + x + 6. List the prime factors of s(-5).
11, 41
Let r be (7/(28/(-6)))/(2/(-4)). Suppose 4*m = 4*z - 212, m = r*z - 148 - 5. What are the prime factors of z?
2, 5
Let g(c) = c**2 + 8*c - 5. Let j be g(-12). Suppose -3*s - 255 = -5*u, u - 4*s - j = -9. List the prime factors of u.
2, 3
Let k(m) = 36*m + 14. Let z be k(6). Suppose -u = -3*u + z. List the prime factors of u.
5, 23
Suppose 6*m + i = 3*m + 111, 5*m + 4*i - 192 = 0. Let x = m + 0. Suppose -7*d + 3*d + x = 0. List the prime factors of d.
3
Suppose -4*f + 3*v + 55 = 0, 5*f + 4*v + 0 = 30. Suppose 0*w = -4*y + 4*w - 8, -4*w = 3*y - 22. List the prime factors of (f + -2)/y + 2.
2, 3
Let s(v) be the third derivative of -v**4/24 + 7*v**3/6 + 34*v**2. Let t = -1 - 2. List the prime factors of s(t).
2, 5
Let v be (8 + -3)/(-5) + 481. Let u = v - 242. What are the prime factors of u?
2, 7, 17
Suppose 3*j = -0*c + 4*c + 603, -4*c + 2*j - 602 = 0. List the prime factors of (-2)/14 + 10*c/(-14).
107
Suppose 243*r + 6286 = 257*r. What are the prime factors of r?
449
Let a(u) = 17*u**2 - 25*u - 181. List the prime factors of a(16).
3, 419
Suppose -3*d + 22 = -17. Let h = 11 - d. What are the prime factors of 7 + 0 + 0 + h?
5
Suppose -5*s = -0*z - 5*z - 55, 0 = 3*z - 9. Let k be ((-28)/s)/(2*1). What are the prime factors of (-39 - 13)/(-3 - k)?
2, 13
Let x = -746 - -2154. List the prime factors of x.
2, 11
Suppose 4*l - 3*l + 190 = 2*q, -5*l = -3*q + 278. Let w = 178 - q. List the prime factors of w.
2, 41
Let h be 74/(-6) + 8/24. Let r(o) = o**3 + 12*o**2 - 3*o - 13. Let d be r(h). Suppose -d*q + 25*q = 50. What are the prime factors of q?
5
Let q(p) = -p**2 - 21*p + 13. Let z be q(-21). Let l(k) = k**3 - 11*k**2 - 13*k - 30. What are the prime factors of l(z)?
139
Let k = 170 - 36. List the prime factors of k.
2, 67
Suppose 2*g - 2*w = -3*g + 369, 4*w + 8 = 0. Let b = 36 - g. Let n = -22 - b. What are the prime factors of n?
3, 5
Let b(t) = -t**3 + 73*t**2 - 73*t + 234. List the prime factors of b(71).
3, 29, 59
What are the prime factors of 0 + 296 + (-21)/(168/(-16))?
2, 149
Let f(t) = 51*t - 3. Let i be f(17). Suppose 2*p - i = -4*p. Suppose -5*y = 2*s - p, 2*y - 123 = -2*y + s. What are the prime factors of y?
2, 3, 5
Let f be (1 - 2) + -2 + 9. What are the prime factors of -3 - f/((-6)/25)?
2, 11
Let w = 972 - 515. List the prime factors of w.
457
Let j be 2 - (-2 - (8 - 1)). Let f = j - 11. Let o = 12 + f. List the prime factors of o.
2, 3
Suppose 159*b - 163*b + 3656 = 0. What are the prime factors of b?
2, 457
Let o = 595 - 325. List the prime factors of o.
2, 3, 5
Let f(h) = -h**3 + 6*h**2 + 28*h + 233. List the prime factors of f(-12).
19, 131
Suppose t = -4*t. Suppose t = 2*s + 5*h + 27, h + 5 = -0*h. List the prime factors of (s + 0)*2*-9.
2, 3
Suppose -3*i + 6 = 0, 5*w + 23*i = 24*i + 3603. List the prime factors of w.
7, 103
Let m be 61 + 5 + 5 + -4. Let z = -19 + m. What are the prime factors of z?
2, 3
Let i(s) = 2*s**3 + 35*s**2 + 26*s - 16. What are the prime factors of i(-14)?
2, 31
Let r be (-3 + (-8)/(-3))*-18. Let u = 74 + -58. Let z = u - r. What are the prime factors of z?
2, 5
Let y be (-2 + 4)/(6/9). Suppose y*f + 0 = 24. Suppose f = -2*x, -3*n - 5*x + 40 = -0*x. List the prime factors of n.
2, 5
Let f(s) = -6 + 8*s - 3*s - s**2 + 4*s. Let v be f(7). Suppose -4*b - v = -44. List the prime factors of b.
3
What are the prime factors of (-6 - 16637)/(-11) + 1?
2, 757
Let i = -6 - 26. Let p be (1 - (-20)/(-8))*i. Suppose g - 12 = -a, -6*g + 2*a + p = -2*g. What are the prime factors of g?
2, 3
Let u be (5/(-2))/(-5 + (-158)/(-32)). Let m = 79 - u. What are the prime factors of m?
3, 13
Let k = -11 - -19. Let y = 10 - k. Suppose -h + 12 = y. What are the prime factors of h?
2, 5
Suppose 9 + 7 = 4*l. Suppose -x = -l + 2. Suppose -5*d + n + 4*n = -65, x*d = 4*n + 18. List the prime factors of d.
17
Suppose p + 5 + 10 = 0. Let c be (-1)/(7/(37 + -2)). List the prime factors of (2 + 5)/(c/p).
3, 7
Suppose -s - 95*j = -91*j - 4576, 4*s + 3*j - 18304 = 0. List the prime factors of s.
2, 11, 13
Suppose -4168 - 2684 = -12*w. List the prime factors of w.
571
Let y(p) = -2*p**3 - 28*p**2 + 76*p + 57. What are the prime factors of y(-21)?
3, 5, 103
Let m(r) = 7*r**2 - 70*r + 215. What are the prime factors of m(28)?
19, 197
Let p be 5/10*0/2. Suppose 2*z - 1 = q, q = z - p + 2. Suppose -f - 1 = 2*v + z, 3*v = -3*f. List the prime factors of f.
2
Let x(c) = -c + 2. Let n be (1/2)/(1/12). Suppose -5*y - 30 = 2*s, -5*s + 3*y - 38 = n. List the prime factors of x(s).
2, 3
Let o be ((-304)/10)/(2/(-10)). Suppose 2*t - 164 = o. What are the prime factors of t?
2, 79
List the prime factors of ((-708)/(-18))/(9/((-135)/(-10))).
59
Let c be 5103/12 - ((-1)/4)/(-1). Suppose -985 = -10*d + c. List the prime factors of d.
3, 47
Suppose -k + 2*i + 383 = -257, -4*i + 2620 = 4*k. List the prime factors of k.
2, 5, 13
Suppose 3*s = w - 6 - 13, -4 = 4*s + 4*w. Let r be (-33 + 0)*34/6. What are the prime factors of s/15 + r/(-3)?
2, 31
Suppose -4*s + 4614 = -1186. What are the prime factors of s?
2, 5, 29
Let k = -29 - -22. Let f be (k/(-2))/(3/6). Let z(u) = u**2 + 3*u - 9. List the prime factors of z(f).
61
Let d be 2*-1 + 11 - (-56)/14. Suppose 0 = -d*g + 17*g - 432. List the prime factors of g.
2, 3
List the prime factors of (836/(-7))/((448/(-98))/16).
2, 11, 19
Let c be 2/12 + (-23)/(-6). Suppose -28 = 3*b - c*b - 4*d, 5*d - 15 = 0. Suppose -5*s - j + b = 0, 3*s + 0*j - 4 = 5*j. List the prime factors of s.
3
Let o(p) = -358*p + 11. What are the prime factors of o(-1)?
3, 41
Suppose 16 = 4*p - 0*p. Let q = -2 + p. Suppose 3*g - 72 = 4*t, 4*g - 2*t = q*g + 48. What are the prime factors of g?
2, 3
Let p(r) = 2*r - r**3 + 3*r + 6*r**2 - 29 + 25. What are the prime factors of p(6)?
2, 13
Let p(q) = -q - 7. Let u be p(-7). Suppose u = 5*x - 8*x + 381. What are the prime factors of x?
127
Suppose s + 5*z + 14 = -0*s, -3*z = 4*s + 56. List the prime factors of (0 + 1)*(77 + s).
3, 7
Let u(o) = -1449*o - 31. What are the prime factors of u(-1)?
2, 709
Suppose -17 = -b + 2*o + 46, 0 = -b - 2*o + 71. Suppose -i + 60 = -3*z, -i - 11 + b = -2*z. Suppose 0*c = -4*c + i. What are the prime factors of c?
2, 3
Let i(c) = c**3 - 6*c**2 + 4*c + 9. Let t = 29 + -24. Let b be i(t). Suppose b*v = -34 + 218. What are the prime factors of v?
2, 23
Suppose 10*u - 3*u = 4144. List the prime factors of u.
2, 37
Let f = 1 + -11. Let n be 8/12*3*f. Let k = 17 - n. List the prime factors of k.
37
Let a(h) = -6*h**2 - 6*h + 4. Let d be a(-3). Let f = 36 + d. List the prime factors of f.
2
Let w(o) = 34*o - 88. Let r be w(8). What are the prime factors of (8 - 10)/(3 - r/61)?
2, 61
Suppose 11*y = 36*y - 29500. What are the prime factors of y?
2, 5, 59
Let a = 29 - 23. Suppose a*u - 32 - 34 = 0. List the prime factors of u.
11
Suppose 0 = -v - v + 2206. List the prime factors of v.
1103
What are the prime factors of -4 - 0 - 3*(-412 - -5)?
1217
Let b = -12 - -17. Suppose -t = -0*d + 3*d - 157, -833 = -b*t + d. What are the prime factors of t?
2, 83
Suppose -7*a = -9483 + 250. What are the prime factors of a?
1319
Suppose -9*j = -239 - 6853. What are the prime factors of j?
2, 197
